5536 (base 12) to base 6
115151310
11111110101110101001010 (base 2) to base 8
37656512
Convert -155624565 (base 7) to base 6.
-1014420313
Convert -111000000101100100 (base 2) to base 6.
-4531324
Convert 13958913 (base 10) to base 13.
2b79817
Convert 101022000110010 (base 3) to base 7.
64340640
-1000101000101110 (base 2) to base 8
-105056
1212020122 (base 3) to base 13
13898
-1133325 (base 8) to base 14
-8083b
351415 (base 11) to base 3
1001100200200
What is 1b190 (base 15) in base 9?
143770
-3754161 (base 8) to base 4
-3331201301
Convert 101132001 (base 4) to base 7.
415416
-1220020210 (base 3) to base 11
-26086
What is 18215124 (base 9) in base 2?
100010111101000010011000
What is -3120233132 (base 4) in base 14?
-191766
Convert 2112303213 (base 4) to base 7.
5151612
27270 (base 16) to base 3
22010222120
Convert -573248 (base 11) to base 13.
-25c181
Convert 45702734 (base 8) to base 3.
200200111200100
-5542441 (base 8) to base 9
-2723883
What is -5012a6 (base 14) in base 11?
-1579929
What is 441413344 (base 5) in base 3?
10120202002211
Convert -100110011001011110001110 (base 2) to base 13.
-21157ca
What is -277760 (base 9) in base 3?
-22121212000
Convert 10111101100010101 (base 2) to base 3.
11221010021
What is -44e152 (base 15) in base 16?
-322a00
Convert 2131256 (base 7) to base 13.
9132b
1281523 (base 9) to base 10
703182
What is -788a1 (base 12) in base 15?
-32734
Convert -20046431 (base 8) to base 6.
-230153241
Convert 6163 (base 15) to base 13.
9492
666075 (base 9) to base 11
252111
113111000 (base 4) to base 11
65876
3d664 (base 15) to base 13
6b9aa
What is 5143133 (base 6) in base 4?
330102201
What is -4aa9497 (base 11) in base 3?
-121122220210010
38872 (base 11) to base 2
1101100101000010
What is 2682142 (base 10) in base 14?
4db658
-12d60 (base 14) to base 2
-1011010111001000
Convert -125220 (base 8) to base 4.
-22222100
45625 (base 7) to base 12
6894
What is 2123210 (base 6) in base 14?
2a098
What is -104567 (base 15) in base 9?
-1408767
32533203 (base 6) to base 15
144576
-133210102 (base 4) to base 3
-20120100211
What is 4662231 (base 7) in base 6?
20323550
Convert -12789 (base 12) to base 16.
-62d9
1402543 (base 6) to base 8
231077
Convert -29743 (base 11) to base 7.
-233621
Convert -2b6b08 (base 14) to base 4.
-11302110310
-5356033 (base 7) to base 15
-cd61d
7225125 (base 9) to base 14
724c92
What is 28c0f2 (base 16) in base 10?
2670834
Convert 10120111112111 (base 3) to base 2.
111001111101110101100
-102031313213 (base 4) to base 14
-8c443d
240a76 (base 14) to base 11
771173
Convert -a08729 (base 13) to base 4.
-32033010030
What is -588b1 (base 15) in base 8?
-1046753
What is 206899 (base 10) in base 4?
302200303
3712216 (base 8) to base 15
152815
Convert 8a86c (base 13) to base 7.
2066255
What is 11000100011110000110 (base 2) in base 7?
6561121
Convert -270b0d (base 16) to base 6.
-130501553
1a2a7 (base 12) to base 8
113037
What is 1733104 (base 9) in base 16?
ec053
What is -3351222 (base 6) in base 13?
-5c54c
What is -11133113011 (base 4) in base 16?
-15f5c5
Convert -1111100100010110000001 (base 2) to base 7.
-46455014
Convert -44200400 (base 5) to base 16.
-5d1a6
Convert -10035155 (base 7) to base 13.
-231c44
11122014323 (base 5) to base 13
271789a
cd356 (base 14) to base 2
1111001011010110000
What is -1036541 (base 7) in base 11?
-87612
What is -2001b4 (base 15) in base 11?
-9483a0
What is -431223331 (base 5) in base 9?
-3374180
Convert -14022 (base 15) to base 8.
-175235
What is -1476737 (base 10) in base 7?
-15360233
-1000000000001001101 (base 2) to base 12
-1078b9
Convert 153430043 (base 6) to base 3.
20010100001000
What is -1622265 (base 8) in base 5?
-104440044
What is -4659456 (base 11) in base 13?
-18bc366
Convert -3242053 (base 6) to base 16.
-27591
Convert 110013301301 (base 4) to base 15.
6e2d42
-cfa6c (base 16) to base 2
-11001111101001101100
Convert 12034231032 (base 5) to base 4.
311110112321
-128b1b (base 13) to base 6
-13333254
Convert -83324b (base 14) to base 5.
-2113122111
Convert 2fa4a8 (base 16) to base 6.
150531144
What is 7ca0 (base 14) in base 16?
54c4
Convert -20741017 (base 8) to base 13.
-bc628c
What is a46aa (base 11) in base 6?
3134220
Convert 125032510 (base 6) to base 4.
21130303122
6006185 (base 9) to base 14
5d19a2
What is 2195b87 (base 12) in base 7?
105356434
Convert -3755601 (base 8) to base 9.
-1853503
Convert 939655 (base 10) to base 2.
11100101011010000111
Convert -4741131 (base 9) to base 13.
-6bb072
-1000111120222101 (base 3) to base 13
-3049ba0
What is -223434543 (base 6) in base 10?
-4095135
What is 1481344 (base 10) in base 13?
3cb347
Convert 1124542 (base 6) to base 15.
1232e
What is -e9b99 (base 15) in base 16?
-b5170
Convert -1a67d4 (base 14) to base 10.
-940006
6663343 (base 7) to base 2
11001000110001001101
-c5065 (base 14) to base 2
-1110011111010110001
-120002222221 (base 3) to base 10
-297430
What is -599480 (base 15) in base 2?
-10000010101110111110111
Convert c89c (base 15) to base 5.
2324242
-40658 (base 10) to base 13
-15677
Convert -112111210220 (base 3) to base 13.
-a0017
Convert -a2488 (base 16) to base 6.
-22125212
Convert -1311770 (base 9) to base 11.
-44a361
Convert 23040032 (base 6) to base 13.
1b8bb2
111102220021 (base 3) to base 6
5400441
What is 11110110111100000 (base 2) in base 15?
276dc
-128673 (base 14) to base 16
-9bbbd
Convert -10bb43a (base 12) to base 7.
-36325504
Convert -10311300213 (base 4) to base 12.
-5122b3
What is 25700 (base 10) in base 7?
134633
74bab (base 14) to base 15
58930
Convert 1b04a6c (base 13) to base 3.
121210021010122
Convert 111233120 (base 4) to base 8.
255730
What is -191e3 (base 15) in base 2?
-10011111000011110
4566 (base 14) to base 10
12046
-10353221 (base 6) to base 7
-2432116
-c2b4c (base 13) to base 15
-6d64e
What is 152b63 (base 16) in base 7?
14535535
What is 168529 (base 10) in base 11?
105689
363035 (base 8) to base 10
124445
What is -10011110110011101110 (base 2) in base 16?
-9ecee
What is -4e0b (base 15) in base 6?
-205045
What is -12112112220102 (base 3) in base 12?
-b9b5a8
-13114014 (base 5) to base 10
-129259
-22214012 (base 5) to base 11
-123466
What is -434022300 (base 5) in base 4?
-13012111112
Convert -220221011010210 (base 3) to base 5.
-11342442202
-111101120200201 (base 3) to base 14
-d33935
What is 113202141 (base 5) in base 4?
1333132323
Convert 327a96 (base 13) to base 11.
741786
Convert -330211220 (base 4) to base 14.
-66624
Convert -1103766 (base 9) to base 8.
-2206630
Convert 50413 (base 14) to base 7.
1432223
-313312132 (base 4) to base 2
-110111110110011110
104032010 (base 5) to base 16
6f257
-111211244 (base 5) to base 8
-1677671
-257731 (base 8) to base 13
-31cc9
Convert 1010001101111101111 (base 2) to base 15.
69321
Convert 69a3 (base 14) to base 7.
104363
-21030010 (base 4) to base 7
-214504
Convert -11355442 (base 8) to base 11.
-1444a61
-3240231404 (base 5) to base 15
-9279d9
dbca1 (base 16) to base 4
3123302201
70a536 (base 13) to base 2
1010000000000111010111
Convert -b5a47 (base 16) to base 2.
-10110101101001000111
Convert 3210300 (base 7) to base 9.
652673
1053430 (base 6) to base 3
2202000000
What is -a7c672 (base 14) in base 3?
-101200122100121
What is -101011000001110 (base 2) in base 15?
-67da
260217 (base 11) to base 2
1100100001001100000
-34214245 (base 6) to base 14
-1d27ad
What is -151103112 (base 6) in base 13?
-8598b3
Convert 216a5 (base 15) to base 5.
11344010
Convert 4d5886 (base 14) to base 9.
5013184
333270 (base 8) to base 13
3c175
Convert 1511a1 (base 11) to base 3.
102222111001
What is 1121102100212 (base 3) in base 4?
3100221332
-4bae2 (base 16) to base 2
-1001011101011100010
What is -5e0525 (base 15) in base 4?
-101030102201
Convert 11011111111100111001 (base 2) to base 3.
1201121022021
Convert -10100100121202 (base 3) to base 13.
-4a3675
Convert 6510111 (base 8) to base 15.
245c33
Convert -10202423322 (base 5) to base 7.
-156014310
Convert -133514023 (base 6) to base 15.
-3851ec
Convert -64346055 (base 7) to base 9.
-11262786
Convert 44654 (base 9) to base 5.
1422240
-2835a81 (base 11) to base 12
-1776067
-1000010101010 (base 2) to base 3
-12212000
10133402 (base 7) to base 12
34b238
What is -2749413 (base 10) in base 4?
-22133033211
44362233 (base 7) to base 3
21